{"version":"1.0","provider_name":"Stammbaum Ahnenforschung Messerschmidt Georgii","provider_url":"https:\/\/familytree.dirkme.de","title":"Kaiser Karl der Gro\u00dfe - Stammbaum Ahnenforschung Messerschmidt Georgii","type":"rich","width":600,"height":338,"html":"<blockquote class=\"wp-embedded-content\" data-secret=\"4NfJPeaM5Q\"><a href=\"https:\/\/familytree.dirkme.de\/index.php\/10776\/0814\/01\/28\/karl-der-grosse-und-kaiser\/messerschmidt\/\">Kaiser Karl der Gro\u00dfe<\/a><\/blockquote><iframe sandbox=\"allow-scripts\" security=\"restricted\" src=\"https:\/\/familytree.dirkme.de\/index.php\/10776\/0814\/01\/28\/karl-der-grosse-und-kaiser\/messerschmidt\/embed\/#?secret=4NfJPeaM5Q\" width=\"600\" height=\"338\" title=\"&#8222;Kaiser Karl der Gro\u00dfe&#8220; &#8211; Stammbaum Ahnenforschung Messerschmidt Georgii\" data-secret=\"4NfJPeaM5Q\" frameborder=\"0\" marginwidth=\"0\" marginheight=\"0\" scrolling=\"no\" class=\"wp-embedded-content\"><\/iframe><script type=\"text\/javascript\">\n\/* <![CDATA[ *\/\n\/*! This file is auto-generated *\/\n!function(d,l){\"use strict\";l.querySelector&&d.addEventListener&&\"undefined\"!=typeof URL&&(d.wp=d.wp||{},d.wp.receiveEmbedMessage||(d.wp.receiveEmbedMessage=function(e){var t=e.data;if((t||t.secret||t.message||t.value)&&!\/[^a-zA-Z0-9]\/.test(t.secret)){for(var s,r,n,a=l.querySelectorAll('iframe[data-secret=\"'+t.secret+'\"]'),o=l.querySelectorAll('blockquote[data-secret=\"'+t.secret+'\"]'),c=new RegExp(\"^https?:$\",\"i\"),i=0;i<o.length;i++)o[i].style.display=\"none\";for(i=0;i<a.length;i++)s=a[i],e.source===s.contentWindow&&(s.removeAttribute(\"style\"),\"height\"===t.message?(1e3<(r=parseInt(t.value,10))?r=1e3:~~r<200&&(r=200),s.height=r):\"link\"===t.message&&(r=new URL(s.getAttribute(\"src\")),n=new URL(t.value),c.test(n.protocol))&&n.host===r.host&&l.activeElement===s&&(d.top.location.href=t.value))}},d.addEventListener(\"message\",d.wp.receiveEmbedMessage,!1),l.addEventListener(\"DOMContentLoaded\",function(){for(var e,t,s=l.querySelectorAll(\"iframe.wp-embedded-content\"),r=0;r<s.length;r++)(t=(e=s[r]).getAttribute(\"data-secret\"))||(t=Math.random().toString(36).substring(2,12),e.src+=\"#?secret=\"+t,e.setAttribute(\"data-secret\",t)),e.contentWindow.postMessage({message:\"ready\",secret:t},\"*\")},!1)))}(window,document);\n\/* ]]> *\/\n<\/script>\n","thumbnail_url":"https:\/\/familytree.dirkme.de\/wp-content\/uploads\/1827\/11\/karl-der-gro\u00dfe.jpg","thumbnail_width":199,"thumbnail_height":376,"description":"Karl der Gro\u00dfe war von 768 bis 814 K\u00f6nig des Fr\u00e4nkischen Reichs (bis 771 gemeinsam mit seinem Bruder Karlmann). Er erlangte am 25. Dezember 800 als erster westeurop\u00e4ischer Herrscher seit der Antike die Kaiserw\u00fcrde, die mit ihm erneuert wurde. Der Enkel des Hausmeiers Karl Martell war der bedeutendste Herrscher aus dem Geschlecht der Karolinger. Das Frankenreich gelangte unter ihm zu seiner gr\u00f6\u00dften Ausdehnung und Machtentfaltung. Kaiser Karl der Gro\u00dfe Franken ist der 35fache Urgro\u00dfvater von Dirk Messerschmidt."}

Kaiser Karl der Große - Stammbaum Ahnenforschung Messerschmidt Georgii

<blockquote class="wp-embedded-content" data-secret="4NfJPeaM5Q"><a href="https://familytree.dirkme.de/index.php/10776/0814/01/28/karl-der-grosse-und-kaiser/messerschmidt/">Kaiser Karl der Große</a></blockquote><iframe sandbox="allow-scripts" security="restricted" src="https://familytree.dirkme.de/index.php/10776/0814/01/28/karl-der-grosse-und-kaiser/messerschmidt/embed/#?secret=4NfJPeaM5Q" width="600" height="338" title="&#8222;Kaiser Karl der Große&#8220; &#8211; Stammbaum Ahnenforschung Messerschmidt Georgii" data-secret="4NfJPeaM5Q" frameborder="0" marginwidth="0" marginheight="0" scrolling="no" class="wp-embedded-content"></iframe><script type="text/javascript">
/* <![CDATA[ */
/*! This file is auto-generated */
!function(d,l){"use strict";l.querySelector&&d.addEventListener&&"undefined"!=typeof URL&&(d.wp=d.wp||{},d.wp.receiveEmbedMessage||(d.wp.receiveEmbedMessage=function(e){var t=e.data;if((t||t.secret||t.message||t.value)&&!/[^a-zA-Z0-9]/.test(t.secret)){for(var s,r,n,a=l.querySelectorAll('iframe[data-secret="'+t.secret+'"]'),o=l.querySelectorAll('blockquote[data-secret="'+t.secret+'"]'),c=new RegExp("^https?:$","i"),i=0;i<o.length;i++)o[i].style.display="none";for(i=0;i<a.length;i++)s=a[i],e.source===s.contentWindow&&(s.removeAttribute("style"),"height"===t.message?(1e3<(r=parseInt(t.value,10))?r=1e3:~~r<200&&(r=200),s.height=r):"link"===t.message&&(r=new URL(s.getAttribute("src")),n=new URL(t.value),c.test(n.protocol))&&n.host===r.host&&l.activeElement===s&&(d.top.location.href=t.value))}},d.addEventListener("message",d.wp.receiveEmbedMessage,!1),l.addEventListener("DOMContentLoaded",function(){for(var e,t,s=l.querySelectorAll("iframe.wp-embedded-content"),r=0;r<s.length;r++)(t=(e=s[r]).getAttribute("data-secret"))||(t=Math.random().toString(36).substring(2,12),e.src+="#?secret="+t,e.setAttribute("data-secret",t)),e.contentWindow.postMessage({message:"ready",secret:t},"*")},!1)))}(window,document);
/* ]]> */
</script>

https://familytree.dirkme.de/wp-content/uploads/1827/11/karl-der-große.jpg

Karl der Große war von 768 bis 814 König des Fränkischen Reichs (bis 771 gemeinsam mit seinem Bruder Karlmann). Er erlangte am 25. Dezember 800 als erster westeuropäischer Herrscher seit der Antike die Kaiserwürde, die mit ihm erneuert wurde. Der Enkel des Hausmeiers Karl Martell war der bedeutendste Herrscher aus dem Geschlecht der Karolinger. Das Frankenreich gelangte unter ihm zu seiner größten Ausdehnung und Machtentfaltung. Kaiser Karl der Große Franken ist der 35fache Urgroßvater von Dirk Messerschmidt.
