{"id":5607,"date":"2019-09-20T19:54:37","date_gmt":"2019-09-20T19:54:37","guid":{"rendered":"http:\/\/familytree.dirkme.de\/?page_id=5607"},"modified":"2019-10-29T10:47:56","modified_gmt":"2019-10-29T10:47:56","slug":"carl-august-ca-fluegge","status":"publish","type":"page","link":"https:\/\/familytree.dirkme.de\/index.php\/carl-august-ca-fluegge\/","title":{"rendered":"Fl\u00fcgge"},"content":{"rendered":"<p>Carl August Fl\u00fcgge (* 14. August 1876 in Helmstedt; \u2020 7. August 1948 in Kassel) war ein deutscher baptistischer Evangelist und sozialdiakonisch engagierter Pastor.<\/p>\n<p>Carl August Fl\u00fcgge wuchs in einer betont christlichen Umgebung auf. Seine Eltern Hermann Fl\u00fcgge und Auguste, geborene Bostedt, stammten aus Norddeutschland und konvertierten von der lutherischen Kirche zur baptistischen Freikirche. C.A.Fl\u00fcgge, der am 3. November 1889 in Braunschweig baptistisch getauft wurde, entschied sich schon fr\u00fch f\u00fcr einen vollzeitigen Dienst innerhalb der Baptistenkirche. Zun\u00e4chst wirkte er als Missionsgehilfe des Baptistenpredigers F.W. Nickel in Belgard-B\u00fctow\/Pommern. Von 1897 bis 1901 besuchte er das baptistische Predigerseminar in Hamburg-Horn. Die Baptistengemeinde Hamburg-Eimsb\u00fcttel berief ihn nach Abschluss seines Studiums zu ihrem Pastor. Er nahm diese Berufung an und war 20 Jahre lang Gemeindepastor. 1901 heiratete er die sprachbegabte und gebildete Tschechin Maria Novotny (1880\u20131949), die Tochter des Prager Baptistenpredigers Heinrich (Jindrich) Novotny. Sie schenkte ihm sieben Kinder. Der j\u00fcngste Sohn Rufus Fl\u00fcgge wurde sp\u00e4ter Stadtsuperintendent an der Marktkirche Hannover.<\/p>\n<p>Carl August Theodor Hans Fl\u00fcgge is the 2\u00d7great grandfather of Jan Messerschmidt<\/p>\n","protected":false},"excerpt":{"rendered":"<p>Carl August Fl\u00fcgge (* 14. August 1876 in Helmstedt; \u2020 7. August 1948 in Kassel) war ein deutscher baptistischer Evangelist<\/p>\n","protected":false},"author":1,"featured_media":10694,"parent":0,"menu_order":0,"comment_status":"closed","ping_status":"closed","template":"","meta":{"footnotes":""},"class_list":["post-5607","page","type-page","status-publish","has-post-thumbnail","hentry","comments-off"],"yoast_head":"<!-- This site is optimized with the Yoast SEO plugin v26.4 - https:\/\/yoast.com\/wordpress\/plugins\/seo\/ -->\n<title>Fl\u00fcgge - Stammbaum Ahnenforschung Messerschmidt Georgii<\/title>\n<meta name=\"description\" content=\"Carl August Fl\u00fcgge (* 14. August 1876 in Helmstedt; \u2020 7. August 1948 in Kassel) war ein deutscher baptistischer Evangelist und sozialdiakonisch engagierter Pastor.Carl August Fl\u00fcgge wuchs in einer betont christlichen Umgebung auf. Seine Eltern Hermann Fl\u00fcgge und Auguste, geborene Bostedt, stammten aus Norddeutschland und konvertierten von der lutherischen Kirche zur baptistischen Freikirche. C.A.Fl\u00fcgge, der am 3. November 1889 in Braunschweig baptistisch getauft wurde, entschied sich schon fr\u00fch f\u00fcr einen vollzeitigen Dienst innerhalb der Baptistenkirche. Zun\u00e4chst wirkte er als Missionsgehilfe des Baptistenpredigers F.W. Nickel in Belgard-B\u00fctow\/Pommern. Von 1897 bis 1901 besuchte er das baptistische Predigerseminar in Hamburg-Horn. Die Baptistengemeinde Hamburg-Eimsb\u00fcttel berief ihn nach Abschluss seines Studiums zu ihrem Pastor. Er nahm diese Berufung an und war 20 Jahre lang Gemeindepastor. 1901 heiratete er die sprachbegabte und gebildete Tschechin Maria Novotny (1880\u20131949), die Tochter des Prager Baptistenpredigers Heinrich (Jindrich) Novotny. Sie schenkte ihm sieben Kinder. Der j\u00fcngste Sohn Rufus Fl\u00fcgge wurde sp\u00e4ter Stadtsuperintendent an der Marktkirche Hannover.Carl August Theodor Hans Fl\u00fcgge is the 2\u00d7great grandfather of Jan Messerschmidt\" \/>\n<meta name=\"robots\" content=\"index, follow, max-snippet:-1, max-image-preview:large, max-video-preview:-1\" \/>\n<link rel=\"canonical\" href=\"https:\/\/familytree.dirkme.de\/index.php\/carl-august-ca-fluegge\/\" \/>\n<meta property=\"og:locale\" content=\"de_DE\" \/>\n<meta property=\"og:type\" content=\"article\" \/>\n<meta property=\"og:title\" content=\"Fl\u00fcgge - Stammbaum Ahnenforschung Messerschmidt Georgii\" \/>\n<meta property=\"og:description\" content=\"Carl August Fl\u00fcgge (* 14. August 1876 in Helmstedt; \u2020 7. August 1948 in Kassel) war ein deutscher baptistischer Evangelist und sozialdiakonisch engagierter Pastor.Carl August Fl\u00fcgge wuchs in einer betont christlichen Umgebung auf. Seine Eltern Hermann Fl\u00fcgge und Auguste, geborene Bostedt, stammten aus Norddeutschland und konvertierten von der lutherischen Kirche zur baptistischen Freikirche. C.A.Fl\u00fcgge, der am 3. November 1889 in Braunschweig baptistisch getauft wurde, entschied sich schon fr\u00fch f\u00fcr einen vollzeitigen Dienst innerhalb der Baptistenkirche. Zun\u00e4chst wirkte er als Missionsgehilfe des Baptistenpredigers F.W. Nickel in Belgard-B\u00fctow\/Pommern. Von 1897 bis 1901 besuchte er das baptistische Predigerseminar in Hamburg-Horn. Die Baptistengemeinde Hamburg-Eimsb\u00fcttel berief ihn nach Abschluss seines Studiums zu ihrem Pastor. Er nahm diese Berufung an und war 20 Jahre lang Gemeindepastor. 1901 heiratete er die sprachbegabte und gebildete Tschechin Maria Novotny (1880\u20131949), die Tochter des Prager Baptistenpredigers Heinrich (Jindrich) Novotny. Sie schenkte ihm sieben Kinder. Der j\u00fcngste Sohn Rufus Fl\u00fcgge wurde sp\u00e4ter Stadtsuperintendent an der Marktkirche Hannover.Carl August Theodor Hans Fl\u00fcgge is the 2\u00d7great grandfather of Jan Messerschmidt\" \/>\n<meta property=\"og:url\" content=\"https:\/\/familytree.dirkme.de\/index.php\/carl-august-ca-fluegge\/\" \/>\n<meta property=\"og:site_name\" content=\"Stammbaum Ahnenforschung Messerschmidt Georgii\" \/>\n<meta property=\"article:modified_time\" content=\"2019-10-29T10:47:56+00:00\" \/>\n<meta property=\"og:image\" content=\"https:\/\/familytree.dirkme.de\/wp-content\/uploads\/2019\/09\/CAFl\u00fcgge.jpg\" \/>\n\t<meta property=\"og:image:width\" content=\"330\" \/>\n\t<meta property=\"og:image:height\" content=\"509\" \/>\n\t<meta property=\"og:image:type\" content=\"image\/jpeg\" \/>\n<meta name=\"twitter:card\" content=\"summary_large_image\" \/>\n<meta name=\"twitter:label1\" content=\"Gesch\u00e4tzte Lesezeit\" \/>\n\t<meta name=\"twitter:data1\" content=\"1\u00a0Minute\" \/>\n<script type=\"application\/ld+json\" class=\"yoast-schema-graph\">{\"@context\":\"https:\/\/schema.org\",\"@graph\":[{\"@type\":\"WebPage\",\"@id\":\"https:\/\/familytree.dirkme.de\/index.php\/carl-august-ca-fluegge\/\",\"url\":\"https:\/\/familytree.dirkme.de\/index.php\/carl-august-ca-fluegge\/\",\"name\":\"Fl\u00fcgge - Stammbaum Ahnenforschung Messerschmidt Georgii\",\"isPartOf\":{\"@id\":\"https:\/\/familytree.dirkme.de\/#website\"},\"primaryImageOfPage\":{\"@id\":\"https:\/\/familytree.dirkme.de\/index.php\/carl-august-ca-fluegge\/#primaryimage\"},\"image\":{\"@id\":\"https:\/\/familytree.dirkme.de\/index.php\/carl-august-ca-fluegge\/#primaryimage\"},\"thumbnailUrl\":\"https:\/\/familytree.dirkme.de\/wp-content\/uploads\/2019\/09\/CAFl\u00fcgge.jpg\",\"datePublished\":\"2019-09-20T19:54:37+00:00\",\"dateModified\":\"2019-10-29T10:47:56+00:00\",\"description\":\"Carl August Fl\u00fcgge (* 14. August 1876 in Helmstedt; \u2020 7. August 1948 in Kassel) war ein deutscher baptistischer Evangelist und sozialdiakonisch engagierter Pastor.Carl August Fl\u00fcgge wuchs in einer betont christlichen Umgebung auf. Seine Eltern Hermann Fl\u00fcgge und Auguste, geborene Bostedt, stammten aus Norddeutschland und konvertierten von der lutherischen Kirche zur baptistischen Freikirche. C.A.Fl\u00fcgge, der am 3. November 1889 in Braunschweig baptistisch getauft wurde, entschied sich schon fr\u00fch f\u00fcr einen vollzeitigen Dienst innerhalb der Baptistenkirche. Zun\u00e4chst wirkte er als Missionsgehilfe des Baptistenpredigers F.W. Nickel in Belgard-B\u00fctow\/Pommern. Von 1897 bis 1901 besuchte er das baptistische Predigerseminar in Hamburg-Horn. Die Baptistengemeinde Hamburg-Eimsb\u00fcttel berief ihn nach Abschluss seines Studiums zu ihrem Pastor. Er nahm diese Berufung an und war 20 Jahre lang Gemeindepastor. 1901 heiratete er die sprachbegabte und gebildete Tschechin Maria Novotny (1880\u20131949), die Tochter des Prager Baptistenpredigers Heinrich (Jindrich) Novotny. Sie schenkte ihm sieben Kinder. Der j\u00fcngste Sohn Rufus Fl\u00fcgge wurde sp\u00e4ter Stadtsuperintendent an der Marktkirche Hannover.Carl August Theodor Hans Fl\u00fcgge is the 2\u00d7great grandfather of Jan Messerschmidt\",\"breadcrumb\":{\"@id\":\"https:\/\/familytree.dirkme.de\/index.php\/carl-august-ca-fluegge\/#breadcrumb\"},\"inLanguage\":\"de\",\"potentialAction\":[{\"@type\":\"ReadAction\",\"target\":[\"https:\/\/familytree.dirkme.de\/index.php\/carl-august-ca-fluegge\/\"]}]},{\"@type\":\"ImageObject\",\"inLanguage\":\"de\",\"@id\":\"https:\/\/familytree.dirkme.de\/index.php\/carl-august-ca-fluegge\/#primaryimage\",\"url\":\"https:\/\/familytree.dirkme.de\/wp-content\/uploads\/2019\/09\/CAFl\u00fcgge.jpg\",\"contentUrl\":\"https:\/\/familytree.dirkme.de\/wp-content\/uploads\/2019\/09\/CAFl\u00fcgge.jpg\",\"width\":330,\"height\":509},{\"@type\":\"BreadcrumbList\",\"@id\":\"https:\/\/familytree.dirkme.de\/index.php\/carl-august-ca-fluegge\/#breadcrumb\",\"itemListElement\":[{\"@type\":\"ListItem\",\"position\":1,\"name\":\"Startseite\",\"item\":\"https:\/\/familytree.dirkme.de\/\"},{\"@type\":\"ListItem\",\"position\":2,\"name\":\"Fl\u00fcgge\"}]},{\"@type\":\"WebSite\",\"@id\":\"https:\/\/familytree.dirkme.de\/#website\",\"url\":\"https:\/\/familytree.dirkme.de\/\",\"name\":\"Stammbaum Ahnenforschung Messerschmidt Georgii\",\"description\":\"Family Tree History Messerschmidt Georgii Georgenau Kepler Bardili K\u00f6bberling Fl\u00fcgge Moser Zeller Alber Genealogie Vorfahren Ahnen\",\"publisher\":{\"@id\":\"https:\/\/familytree.dirkme.de\/#organization\"},\"potentialAction\":[{\"@type\":\"SearchAction\",\"target\":{\"@type\":\"EntryPoint\",\"urlTemplate\":\"https:\/\/familytree.dirkme.de\/?s={search_term_string}\"},\"query-input\":{\"@type\":\"PropertyValueSpecification\",\"valueRequired\":true,\"valueName\":\"search_term_string\"}}],\"inLanguage\":\"de\"},{\"@type\":\"Organization\",\"@id\":\"https:\/\/familytree.dirkme.de\/#organization\",\"name\":\"Family Tree Messerschmidt Georgii Kepler Bardili K\u00f6bberling Fl\u00fcgge\",\"url\":\"https:\/\/familytree.dirkme.de\/\",\"logo\":{\"@type\":\"ImageObject\",\"inLanguage\":\"de\",\"@id\":\"https:\/\/familytree.dirkme.de\/#\/schema\/logo\/image\/\",\"url\":\"https:\/\/familytree.dirkme.de\/wp-content\/uploads\/2019\/09\/favicon2.bmp\",\"contentUrl\":\"https:\/\/familytree.dirkme.de\/wp-content\/uploads\/2019\/09\/favicon2.bmp\",\"width\":48,\"height\":48,\"caption\":\"Family Tree Messerschmidt Georgii Kepler Bardili K\u00f6bberling Fl\u00fcgge\"},\"image\":{\"@id\":\"https:\/\/familytree.dirkme.de\/#\/schema\/logo\/image\/\"}}]}<\/script>\n<!-- \/ Yoast SEO plugin. -->","yoast_head_json":{"title":"Fl\u00fcgge - Stammbaum Ahnenforschung Messerschmidt Georgii","description":"Carl August Fl\u00fcgge (* 14. August 1876 in Helmstedt; \u2020 7. August 1948 in Kassel) war ein deutscher baptistischer Evangelist und sozialdiakonisch engagierter Pastor.Carl August Fl\u00fcgge wuchs in einer betont christlichen Umgebung auf. Seine Eltern Hermann Fl\u00fcgge und Auguste, geborene Bostedt, stammten aus Norddeutschland und konvertierten von der lutherischen Kirche zur baptistischen Freikirche. C.A.Fl\u00fcgge, der am 3. November 1889 in Braunschweig baptistisch getauft wurde, entschied sich schon fr\u00fch f\u00fcr einen vollzeitigen Dienst innerhalb der Baptistenkirche. Zun\u00e4chst wirkte er als Missionsgehilfe des Baptistenpredigers F.W. Nickel in Belgard-B\u00fctow\/Pommern. Von 1897 bis 1901 besuchte er das baptistische Predigerseminar in Hamburg-Horn. Die Baptistengemeinde Hamburg-Eimsb\u00fcttel berief ihn nach Abschluss seines Studiums zu ihrem Pastor. Er nahm diese Berufung an und war 20 Jahre lang Gemeindepastor. 1901 heiratete er die sprachbegabte und gebildete Tschechin Maria Novotny (1880\u20131949), die Tochter des Prager Baptistenpredigers Heinrich (Jindrich) Novotny. Sie schenkte ihm sieben Kinder. Der j\u00fcngste Sohn Rufus Fl\u00fcgge wurde sp\u00e4ter Stadtsuperintendent an der Marktkirche Hannover.Carl August Theodor Hans Fl\u00fcgge is the 2\u00d7great grandfather of Jan Messerschmidt","robots":{"index":"index","follow":"follow","max-snippet":"max-snippet:-1","max-image-preview":"max-image-preview:large","max-video-preview":"max-video-preview:-1"},"canonical":"https:\/\/familytree.dirkme.de\/index.php\/carl-august-ca-fluegge\/","og_locale":"de_DE","og_type":"article","og_title":"Fl\u00fcgge - Stammbaum Ahnenforschung Messerschmidt Georgii","og_description":"Carl August Fl\u00fcgge (* 14. August 1876 in Helmstedt; \u2020 7. August 1948 in Kassel) war ein deutscher baptistischer Evangelist und sozialdiakonisch engagierter Pastor.Carl August Fl\u00fcgge wuchs in einer betont christlichen Umgebung auf. Seine Eltern Hermann Fl\u00fcgge und Auguste, geborene Bostedt, stammten aus Norddeutschland und konvertierten von der lutherischen Kirche zur baptistischen Freikirche. C.A.Fl\u00fcgge, der am 3. November 1889 in Braunschweig baptistisch getauft wurde, entschied sich schon fr\u00fch f\u00fcr einen vollzeitigen Dienst innerhalb der Baptistenkirche. Zun\u00e4chst wirkte er als Missionsgehilfe des Baptistenpredigers F.W. Nickel in Belgard-B\u00fctow\/Pommern. Von 1897 bis 1901 besuchte er das baptistische Predigerseminar in Hamburg-Horn. Die Baptistengemeinde Hamburg-Eimsb\u00fcttel berief ihn nach Abschluss seines Studiums zu ihrem Pastor. Er nahm diese Berufung an und war 20 Jahre lang Gemeindepastor. 1901 heiratete er die sprachbegabte und gebildete Tschechin Maria Novotny (1880\u20131949), die Tochter des Prager Baptistenpredigers Heinrich (Jindrich) Novotny. Sie schenkte ihm sieben Kinder. Der j\u00fcngste Sohn Rufus Fl\u00fcgge wurde sp\u00e4ter Stadtsuperintendent an der Marktkirche Hannover.Carl August Theodor Hans Fl\u00fcgge is the 2\u00d7great grandfather of Jan Messerschmidt","og_url":"https:\/\/familytree.dirkme.de\/index.php\/carl-august-ca-fluegge\/","og_site_name":"Stammbaum Ahnenforschung Messerschmidt Georgii","article_modified_time":"2019-10-29T10:47:56+00:00","og_image":[{"width":330,"height":509,"url":"https:\/\/familytree.dirkme.de\/wp-content\/uploads\/2019\/09\/CAFl\u00fcgge.jpg","type":"image\/jpeg"}],"twitter_card":"summary_large_image","twitter_misc":{"Gesch\u00e4tzte Lesezeit":"1\u00a0Minute"},"schema":{"@context":"https:\/\/schema.org","@graph":[{"@type":"WebPage","@id":"https:\/\/familytree.dirkme.de\/index.php\/carl-august-ca-fluegge\/","url":"https:\/\/familytree.dirkme.de\/index.php\/carl-august-ca-fluegge\/","name":"Fl\u00fcgge - Stammbaum Ahnenforschung Messerschmidt Georgii","isPartOf":{"@id":"https:\/\/familytree.dirkme.de\/#website"},"primaryImageOfPage":{"@id":"https:\/\/familytree.dirkme.de\/index.php\/carl-august-ca-fluegge\/#primaryimage"},"image":{"@id":"https:\/\/familytree.dirkme.de\/index.php\/carl-august-ca-fluegge\/#primaryimage"},"thumbnailUrl":"https:\/\/familytree.dirkme.de\/wp-content\/uploads\/2019\/09\/CAFl\u00fcgge.jpg","datePublished":"2019-09-20T19:54:37+00:00","dateModified":"2019-10-29T10:47:56+00:00","description":"Carl August Fl\u00fcgge (* 14. August 1876 in Helmstedt; \u2020 7. August 1948 in Kassel) war ein deutscher baptistischer Evangelist und sozialdiakonisch engagierter Pastor.Carl August Fl\u00fcgge wuchs in einer betont christlichen Umgebung auf. Seine Eltern Hermann Fl\u00fcgge und Auguste, geborene Bostedt, stammten aus Norddeutschland und konvertierten von der lutherischen Kirche zur baptistischen Freikirche. C.A.Fl\u00fcgge, der am 3. November 1889 in Braunschweig baptistisch getauft wurde, entschied sich schon fr\u00fch f\u00fcr einen vollzeitigen Dienst innerhalb der Baptistenkirche. Zun\u00e4chst wirkte er als Missionsgehilfe des Baptistenpredigers F.W. Nickel in Belgard-B\u00fctow\/Pommern. Von 1897 bis 1901 besuchte er das baptistische Predigerseminar in Hamburg-Horn. Die Baptistengemeinde Hamburg-Eimsb\u00fcttel berief ihn nach Abschluss seines Studiums zu ihrem Pastor. Er nahm diese Berufung an und war 20 Jahre lang Gemeindepastor. 1901 heiratete er die sprachbegabte und gebildete Tschechin Maria Novotny (1880\u20131949), die Tochter des Prager Baptistenpredigers Heinrich (Jindrich) Novotny. Sie schenkte ihm sieben Kinder. Der j\u00fcngste Sohn Rufus Fl\u00fcgge wurde sp\u00e4ter Stadtsuperintendent an der Marktkirche Hannover.Carl August Theodor Hans Fl\u00fcgge is the 2\u00d7great grandfather of Jan Messerschmidt","breadcrumb":{"@id":"https:\/\/familytree.dirkme.de\/index.php\/carl-august-ca-fluegge\/#breadcrumb"},"inLanguage":"de","potentialAction":[{"@type":"ReadAction","target":["https:\/\/familytree.dirkme.de\/index.php\/carl-august-ca-fluegge\/"]}]},{"@type":"ImageObject","inLanguage":"de","@id":"https:\/\/familytree.dirkme.de\/index.php\/carl-august-ca-fluegge\/#primaryimage","url":"https:\/\/familytree.dirkme.de\/wp-content\/uploads\/2019\/09\/CAFl\u00fcgge.jpg","contentUrl":"https:\/\/familytree.dirkme.de\/wp-content\/uploads\/2019\/09\/CAFl\u00fcgge.jpg","width":330,"height":509},{"@type":"BreadcrumbList","@id":"https:\/\/familytree.dirkme.de\/index.php\/carl-august-ca-fluegge\/#breadcrumb","itemListElement":[{"@type":"ListItem","position":1,"name":"Startseite","item":"https:\/\/familytree.dirkme.de\/"},{"@type":"ListItem","position":2,"name":"Fl\u00fcgge"}]},{"@type":"WebSite","@id":"https:\/\/familytree.dirkme.de\/#website","url":"https:\/\/familytree.dirkme.de\/","name":"Stammbaum Ahnenforschung Messerschmidt Georgii","description":"Family Tree History Messerschmidt Georgii Georgenau Kepler Bardili K\u00f6bberling Fl\u00fcgge Moser Zeller Alber Genealogie Vorfahren Ahnen","publisher":{"@id":"https:\/\/familytree.dirkme.de\/#organization"},"potentialAction":[{"@type":"SearchAction","target":{"@type":"EntryPoint","urlTemplate":"https:\/\/familytree.dirkme.de\/?s={search_term_string}"},"query-input":{"@type":"PropertyValueSpecification","valueRequired":true,"valueName":"search_term_string"}}],"inLanguage":"de"},{"@type":"Organization","@id":"https:\/\/familytree.dirkme.de\/#organization","name":"Family Tree Messerschmidt Georgii Kepler Bardili K\u00f6bberling Fl\u00fcgge","url":"https:\/\/familytree.dirkme.de\/","logo":{"@type":"ImageObject","inLanguage":"de","@id":"https:\/\/familytree.dirkme.de\/#\/schema\/logo\/image\/","url":"https:\/\/familytree.dirkme.de\/wp-content\/uploads\/2019\/09\/favicon2.bmp","contentUrl":"https:\/\/familytree.dirkme.de\/wp-content\/uploads\/2019\/09\/favicon2.bmp","width":48,"height":48,"caption":"Family Tree Messerschmidt Georgii Kepler Bardili K\u00f6bberling Fl\u00fcgge"},"image":{"@id":"https:\/\/familytree.dirkme.de\/#\/schema\/logo\/image\/"}}]}},"_links":{"self":[{"href":"https:\/\/familytree.dirkme.de\/index.php\/wp-json\/wp\/v2\/pages\/5607","targetHints":{"allow":["GET"]}}],"collection":[{"href":"https:\/\/familytree.dirkme.de\/index.php\/wp-json\/wp\/v2\/pages"}],"about":[{"href":"https:\/\/familytree.dirkme.de\/index.php\/wp-json\/wp\/v2\/types\/page"}],"author":[{"embeddable":true,"href":"https:\/\/familytree.dirkme.de\/index.php\/wp-json\/wp\/v2\/users\/1"}],"replies":[{"embeddable":true,"href":"https:\/\/familytree.dirkme.de\/index.php\/wp-json\/wp\/v2\/comments?post=5607"}],"version-history":[{"count":3,"href":"https:\/\/familytree.dirkme.de\/index.php\/wp-json\/wp\/v2\/pages\/5607\/revisions"}],"predecessor-version":[{"id":10672,"href":"https:\/\/familytree.dirkme.de\/index.php\/wp-json\/wp\/v2\/pages\/5607\/revisions\/10672"}],"wp:featuredmedia":[{"embeddable":true,"href":"https:\/\/familytree.dirkme.de\/index.php\/wp-json\/wp\/v2\/media\/10694"}],"wp:attachment":[{"href":"https:\/\/familytree.dirkme.de\/index.php\/wp-json\/wp\/v2\/media?parent=5607"}],"curies":[{"name":"wp","href":"https:\/\/api.w.org\/{rel}","templated":true}]}}